 u = -0*y + 266. List the prime factors of y.
2, 3
Suppose -5*c - 2*v - 3*v = -165, 0 = -5*c + 4*v + 165. Let l = -2 + -26. Let m = l + c. What are the prime factors of m?
5
Suppose 5*u = -15 - 15. Let n(t) = t**2 - 6*t + 2. Let q be n(u). Let p = q - 19. List the prime factors of p.
5, 11
Suppose -2*z - 2*t - 20 = -6*t, -2 = 5*z + 2*t. List the prime factors of ((-11)/z - -1)/((-7)/(-280)).
2, 5, 13
Let g(s) be the second derivative of s**6/144 + 11*s**5/40 + 7*s**4/12 - 23*s. Let o(n) be the third derivative of g(n). What are the prime factors of o(13)?
2, 7
Suppose 0 = -0*w - w + 269. Let s = 533 - w. Let i = s - 112. What are the prime factors of i?
2, 19
Let w(o) = -20*o - 9. Let z be (-3*5)/(1/((-1)/1)). Suppose 0 = 2*a + z - 5. What are the prime factors of w(a)?
7, 13
Suppose 26*w = 521393 + 110017. List the prime factors of w.
3, 5, 1619
Let m = 28 - 23. Suppose b = -5*r + 16, b + m*r + 14 = 5*b. Let l(c) = 17*c - 7. List the prime factors of l(b).
5, 19
Let o(t) = -t**3 + 3*t - 1. Suppose -5*a - 2*p + 5*p = 0, -p = 4*a. Suppose a = 5*j - 2 + 22. What are the prime factors of o(j)?
3, 17
Suppose 17864 = 3*n + 2*z, -249*z + 17878 = 3*n - 254*z. What are the prime factors of n?
2, 1489
What are the prime factors of 12 - (-84)/(-6) - (-13030)/2?
3, 13, 167
Let d(t) be the third derivative of 13*t**4/24 + 23*t**3/3 - 73*t**2. List the prime factors of d(9).
163
Suppose -p + 3*h = 3557, -11 = 4*h + 1. List the prime factors of (p/(-2) + -4)/3.
593
Let g be (-1)/(-2)*(34 + -2). Suppose -g = 4*a, 2*m - 3*a - 14 = -a. Suppose m*h = 6*h - 543. List the prime factors of h.
181
Let i(r) = 2*r**3 + 2*r**2 - 2*r - 4. Let n be i(-2). Let j(g) = -g**2 - 10*g - 12. Let a be j(n). Suppose -a*w - w = -350. List the prime factors of w.
2, 5, 7
Let m be (7 - (-3 - 5))*1. What are the prime factors of 1 + 154 - (m - 23)?
163
Let o(j) = -2*j**3 + 16*j**2 - 10*j + 57. Let n be o(12). Let k = n - -1712. List the prime factors of k.
7, 71
Suppose -g - 891594 + 58996 = -32*g. List the prime factors of g.
2, 13, 1033
Let f = -73 + 243. Suppose 8*s + f = 13*s. What are the prime factors of s?
2, 17
List the prime factors of ((-3883)/(-2) + 1/2)/(35 - 33).
971
Let i(p) = p**3 + 6*p**2 + 2. Let n be i(-6). Suppose 69 + 1 = -n*u. What are the prime factors of (-1197)/(-15) + (-7)/u?
2, 5
Let b(z) = 2*z**2 - 3*z + 16. Suppose 2*d - 279 = 5*d. Let y = d - -89. What are the prime factors of b(y)?
2, 3, 5
Let l(n) = n**3 - 13*n**2 + 7*n - 53. Let r be -4 + 4 + (3 - 6)*-5. What are the prime factors of l(r)?
2, 251
Let q(r) = 4*r**2 + 12. Let h(s) = -s**2 - s. Let x(z) = 5*h(z) + q(z). Let v be x(-7). What are the prime factors of (11 - (4 - -2))*(-30)/v?
3, 5
Suppose 0 = 14*p + 2*p + 39*p - 102740. What are the prime factors of p?
2, 467
Let f be ((-2)/(-3))/(12/2772). Suppose 4*r - 2*i - f = 0, 0*i + 170 = 5*r + 2*i. Let d = 28 + r. What are the prime factors of d?
2
Suppose 17394 = p - q - 1063, 4*p + 5*q = 73873. What are the prime factors of p?
2, 3, 17, 181
What are the prime factors of 5*6/10*(-13 - -1934)?
3, 17, 113
Suppose 2*i + 465*p = 469*p + 65830, -p = -4*i + 131702. What are the prime factors of i?
19, 1733
Suppose 0 = 3*m - m - 6. Suppose m*x + 105 = 10*x. Suppose -72 = -x*s + 6*s. List the prime factors of s.
2
Let c(h) = h**2 + 10*h - 15. Let r be c(-15). Suppose -30*f - r = -34*f. Let m(b) = b**3 - 15*b**2 + 16. List the prime factors of m(f).
2
Suppose 0 = 3*j - 4*q - 9, 0 = -j + 4*j - q. Let f = 2 - j. What are the prime factors of (-79)/(-4 + (f - 0))?
79
Suppose 5*x = 19 + 6, 4*t + 105 = 5*x. Let h(k) = k**3 + 19*k**2 - 43*k + 3. What are the prime factors of h(t)?
463
Suppose 14*l = 54 + 2. Suppose -a - m = l*m - 190, 0 = a + 4*m - 190. What are the prime factors of a?
2, 5, 19
Suppose 198 = 8*x + 3902. Let a = x + 636. List the prime factors of a.
173
Let g(y) = -185*y**3 + 3*y**2 + 2*y + 4. Let v(u) = -184*u**3 + 4*u**2 + u + 4. Let i(q) = 3*g(q) - 2*v(q). List the prime factors of i(-1).
2, 47
Let f be 5385/2*(-32)/(-40). Suppose 3*t - 3*m + f = m, -3*m = 5*t + 3619. List the prime factors of t/(-8) - 9/(-12).
7, 13
Let c(g) = g**3 - 37*g**2 - 42*g + 154. List the prime factors of c(41).
2, 1289
Let s(y) = 25*y - 12. Let q = -23 - -21. Let k be 30/18*(5 + q). List the prime factors of s(k).
113
Let i be 1 + 2840 + (-6 - -8) + -7. Suppose 4*q - 2*k - 3838 = 0, 5*q + 2*k - 1948 - i = 0. List the prime factors of q.
2, 479
Suppose 5*o - 66 = -2*t - 26, 2*o + t - 16 = 0. Suppose w - o*w + 63 = 0. What are the prime factors of ((-45)/(-3))/(((-1)/w)/(-1))?
3, 5
Let x be 416/(-1) + (-5 - -9). Let m = x + 654. What are the prime factors of m?
2, 11
Suppose -7*r - 4*i + 223027 = 0, -28*r = -26*r + 5*i - 63749. What are the prime factors of r?
3, 7, 37, 41
Suppose 558*t - 555*t = 3*s - 4446, -5*t = -s + 1506. What are the prime factors of s?
2, 3, 41
Let m be 7 - (4 + -714 + 3). Let c = 1032 - m. List the prime factors of c.
2, 3, 53
Suppose 0 = -12*u + 605818 + 350510. What are the prime factors of u?
2, 39847
Suppose -14 = -3*h - 5*x, -3*h + x - 4*x = -12. Suppose o - h*y - 555 = -2*o, 5*y + 20 = 0. Let r = o - 104. List the prime factors of r.
7, 11
Let r be (-1*(-2 + 2))/(-36 - -34). Suppose 3*y - h - 1197 = r, 16*y - 15*y + h - 395 = 0. What are the prime factors of y?
2, 199
Let w(z) = z**2 + 3*z - 1. Let f be w(-4). Suppose 2*k - 2*g = -8 - 4, 0 = -4*k + g - 9. List the prime factors of 530/(2 + f) - (-3 - k).
2, 3
Let l = 52665 - 3215. List the prime factors of l.
2, 5, 23, 43
Suppose 2*k = 5*a + 47279, 4*k - 5*a + 23035 = 117628. List the prime factors of k.
41, 577
Let m(y) be the second derivative of 3*y**5/20 - y**3 + 3*y**2 + 43*y. What are the prime factors of m(5)?
3, 13
Suppose -26*h - 37*h = 46116. Let d = h + 1292. List the prime factors of d.
2, 5, 7
Let t = 36733 - 23954. List the prime factors of t.
13, 983
Suppose -34*u - 4*p = -39*u + 1862, -2*u = 2*p - 752. Let s(v) = 203*v**3. Let z be s(-1). Let w = z + u. What are the prime factors of w?
3, 19
Suppose -3*r + 13 - 4 = 0. Suppose 5*c = -r - 2. List the prime factors of (2 + c)/((-3)/(-81)).
3
Suppose 4*j + 9885 = 5*j - 3*w, 0 = 2*j - 5*w - 19773. List the prime factors of j.
2, 3, 17, 97
Let v = 22 + 67. Let h = 64 + v. List the prime factors of h.
3, 17
List the prime factors of (-1510 - 3)*-4 + 8/2.
2, 757
Suppose 8*z + 3*w - 65194 = -2*z, 2*z + w - 13038 = 0. What are the prime factors of z?
2, 5, 163
What are the prime factors of (21 - 12) + 53192/4?
7, 1901
Let f = -29 + 42. Let l(g) = -f - 21 + 4 - 27*g + 3*g. List the prime factors of l(-6).
2, 3, 19
What are the prime factors of (-2)/(40/(-373118)) - 4*9/(-360)?
2, 11, 53
Let y = -42802 + 132669. List the prime factors of y.
89867
Suppose 4*r = -3*s + 2152 + 943, -20 = -4*s. What are the prime factors of r?
2, 5, 7, 11
Let p(u) = 2*u**2 - 7*u - 208. Let k be p(31). Suppose -4*g = -2*h - 3806, -4*g + k = 2*h - 2329. What are the prime factors of g?
2, 3, 53
Let d(i) = -8*i**3 + 3*i**2 + 2*i + 3. Let m be d(-2). Let a = m - 69. Suppose -4*o = -w + a*w - 44, -44 = -3*w + 2*o. What are the prime factors of w?
2, 3
Let c be 8 + 2 + -6 + 3 + 2. Let h = c + 13. List the prime factors of h*4 + 16/(-4).
2, 3, 7
Suppose -9460 = -14*i - 8*i. Suppose 0*d - i = -2*d. List the prime factors of d.
5, 43
Suppose -q - 4*q + 1505 = -4*l, -l = 0. Suppose -304*y + 1095 = -q*y. What are the prime factors of y?
5, 73
What are the prime factors of (-21481)/(-2) + 707/1414?
23, 467
Let l be (76/20)/(5/25). Let f(w) = l*w**2 - 9*w + 6*w + 0*w**2 - 8. List the prime factors of f(-3).
2, 43
List the prime factors of ((-2582150)/200 + (-6)/(-8))/(-2).
5, 1291
Let d = 12729 + -4416. What are the prime factors of d?
3, 17, 163
Let z(o) = o**3 - 12*o**2 - 22*o - 7. Let s be z(14). List the prime factors of 4604/5 + s/385.
3, 307
Let h(b) = -b - b**2 - 47 + 4*b + 61. Let g be h(5). Suppose -3*f - 2*q + 46 = 0, -f - g*q + 27 = -q. What are the prime factors of f?
2, 3
Suppose 3*t - 14 = 1. Suppose -t*f - 3*q - 7 = 0, 2*f + 9*q + 18 = 4*q. What are the prime factors of (1 - (f - 2))/((-18)/(-369))?
41
Suppose z - 6539 = -4*h + 12953, -2*z - 2*h = -38942. What are the prime factors of z?
2, 3, 811
Let i be 0*(-3)/(-48) + 2*2. Suppose -2*k - 3*m + 23